f 8770134?
8
What is the hundred millions digit of 754634113?
7
What is the millions digit of 3333604213?
3
What is the ten thousands digit of 18293961?
9
What is the units digit of 112179008?
8
What is the tens digit of 4321464269?
6
What is the units digit of 1932657486?
6
What is the hundreds digit of 461310128?
1
What is the tens digit of 228054293?
9
What is the ten millions digit of 19350948?
1
What is the ten thousands digit of 1754399940?
9
What is the millions digit of 44271007?
4
What is the tens digit of 87324089?
8
What is the ten thousands digit of 34760707?
6
What is the hundreds digit of 17650373?
3
What is the units digit of 50599449?
9
What is the hundreds digit of 1791082643?
6
What is the tens digit of 117041808?
0
What is the tens digit of 51941688?
8
What is the hundreds digit of 61532989?
9
What is the ten millions digit of 18888972?
1
What is the hundred thousands digit of 453368168?
3
What is the units digit of 38320761?
1
What is the units digit of 1915700955?
5
What is the hundred millions digit of 2010529279?
0
What is the billions digit of 3614273683?
3
What is the millions digit of 846676998?
6
What is the units digit of 398092920?
0
What is the tens digit of 100400772?
7
What is the ten thousands digit of 98179348?
7
What is the hundreds digit of 118907698?
6
What is the hundred millions digit of 3215028042?
2
What is the millions digit of 2305911253?
5
What is the tens digit of 2813148004?
0
What is the hundred thousands digit of 42055773?
0
What is the ten thousands digit of 330295418?
9
What is the ten thousands digit of 26899103?
9
What is the millions digit of 1156182819?
6
What is the hundred thousands digit of 225485058?
4
What is the ten thousands digit of 37026157?
2
What is the hundred thousands digit of 218382511?
3
What is the units digit of 2582680?
0
What is the ten thousands digit of 134141755?
4
What is the units digit of 53733007?
7
What is the hundred thousands digit of 325984966?
9
What is the hundreds digit of 83298294?
2
What is the units digit of 3206099019?
9
What is the thousands digit of 1845193?
5
What is the ten thousands digit of 19099565?
9
What is the units digit of 286405358?
8
What is the tens digit of 1260840019?
1
What is the millions digit of 4269549229?
9
What is the hundreds digit of 583589460?
4
What is the millions digit of 1523427381?
3
What is the hundred thousands digit of 128413407?
4
What is the tens digit of 70289265?
6
What is the hundreds digit of 3164433494?
4
What is the hundred millions digit of 5403666670?
4
What is the millions digit of 37367525?
7
What is the millions digit of 49026618?
9
What is the hundred thousands digit of 184029866?
0
What is the units digit of 8179941?
1
What is the ten millions digit of 2933134947?
3
What is the ten millions digit of 61649790?
6
What is the ten millions digit of 47105200?
4
What is the millions digit of 4589108078?
9
What is the units digit of 6031808?
8
What is the hundred millions digit of 559201083?
5
What is the ten thousands digit of 14417694?
1
What is the units digit of 106279604?
4
What is the thousands digit of 713269588?
9
What is the ten thousands digit of 79086970?
8
What is the millions digit of 23857369?
3
What is the hundred millions digit of 5850166674?
8
What is the tens digit of 56760685?
8
What is the tens digit of 217102900?
0
What is the thousands digit of 139259750?
9
What is the tens digit of 654694394?
9
What is the millions digit of 953453184?
3
What is the ten millions digit of 162515470?
6
What is the millions digit of 27257018?
7
What is the hundred millions digit of 128438376?
1
What is the billions digit of 1034355961?
1
What is the hundreds digit of 348023691?
6
What is the ten millions digit of 74776886?
7
What is the ten thousands digit of 2809757639?
5
What is the hundreds digit of 7520525757?
7
What is the hundreds digit of 12419594?
5
What is the tens digit of 210930092?
9
What is the thousands digit of 1428733942?
3
What is the ten thousands digit of 1662400062?
0
What is the thousands digit of 7266314951?
4
What is the ten thousands digit of 15530560?
3
What is the ten thousands digit of 184447206?
4
What is the ten millions digit of 66192688?
6
What is the thousands digit of 5032309?
2
What is the ten thousands digit of 49411511?
1
What is the millions digit of 147362916?
7
What is the ten millions digit of 506817847?
0
What is the tens digit of 61615379?
7
What is the units digit of 932877164?
4
What is the hundreds digit of 4366823332?
3
What is the units digit of 7537677?
7
What is the millions digit of 567570125?
7
What is the ten millions digit of 94224493?
9
What is the millions digit of 75148158?
5
What is the millions digit of 211271859?
1
What is the hundred thousands digit of 3589433?
5
What is the units digit of 136161010?
0
What is the ten millions digit of 170670206?
7
What is the tens digit of 5123139877?
7
What is the ten millions digit of 170428903?
7
What is the units digit of 170116451?
1
What is the millions digit of 128882194?
8
What is the hundred thousands digit of 3888827835?
8
What is the ten millions digit of 11090475?
1
What is the units digit of 79638152?
2
What is the hundred thousands digit of 3356756275?
7
What is the millions digit of 14115849?
4
What is the thousands digit of 280622415?
2
What is the hundreds digit of 69210356?
3
What is the millions digit of 333306521?
3
What is the hundreds digit of 52550607?
6
What is the millions digit of 84313030?
4
What is the tens digit of 41509058?
5
What is the hundred thousands digit of 1715743071?
7
What is the millions digit of 1095205120?
5
What is the hundred millions digit of 844830357?
8
What is the hundreds digit of 689439642?
6
What is the thousands digit of 1228560527?
0
What is the millions digit of 5341559?
5
What is the hundred thousands digit of 1739508600?
5
What is the hundreds digit of 66454169?
1
What is the hundred millions digit of 1063992122?
0
What is the units digit of 130923171?
1
What is the hundred thousands digit of 976945?
9
What is the thousands digit of 2951967257?
7
What is the hundreds digit of 1593066753?
7
What is the ten millions digit of 3570552355?
7
What is the tens digit of 9197296?
9
What is the ten millions digit of 36420507?
3
What is the millions digit of 3479314627?
9
What is the thousands digit of 348156851?
6
What is the tens digit of 17797266?
6
What is the ten thousands digit of 1683318985?
1
What is the ten millions digit of 159947326?
5
What is the tens digit of 21529131?
3
What is the millions digit of 1077352?
1
What is the units digit of 1127018477?
7
What is the thousands digit of 156824183?
4
What is the hundred thousands digit of 123678427?
6
What is the ten millions digit of 17307245?
1
What is the hundreds digit of 93633531?
5
What is the hundred thousands digit of 1507040861?
0
What is the units digit of 33341744?
4
What is the hundreds digit of 20471701?
7
What is the ten thousands digit of 235137249?
3
What is the units digit of 18362967?
7
What is the hundred millions digit of 1504445061?
5
What is the hundred thousands digit of 2445612798?
6
What is the units digit of 497073854?
4
What is the hundreds digit of 2158210046?
0
What is the hundreds digit of 28520942?
9
What is the ten millions digit of 175902709?
7
What is the units digit of 58459995?
5
What is the units digit of 1256736084?
4
What is the hundred millions digit of 335366728?
3
What is the millions digit of 316675289?
6
What is the billions digit of 2523329327?
2
What is the hundred thousands digit of 3884907901?
9
What is the hundreds digit of 149568402?
4
What is the hundreds digit of 116211390?
3
What is the hundreds digit of 36562914?
9
What is the units digit of 8823761?
1
What is the hundred thousands digit of 1445357554?
3
What is the ten thousands digit of 7119751?
1
What is the hundred thousands digit of 342546578?
5
What is the hundred thousands digit of 250211359?
2
What is the hundred millions digit of 267998555?
2
What is the ten thousands digit of 7103260?
0
What is the ten millions digit of 27721724?
2
What is the ten millions digit of 1000142679?
0
What is the hundred thousands digit of 181771302?
7
What is the hundred millions digit of 115516487?
1
What is the hund